 the highest common factor of 4 and q.
2
Suppose 7*o - 56 - 679 = 0. Calculate the greatest common factor of 30 and o.
15
Suppose -9*w + 97 = -218. What is the greatest common factor of 301 and w?
7
Suppose 14 = -4*r + 86. Let b = 461 - 459. Calculate the highest common factor of b and r.
2
Let h be ((-1)/(-8)*6)/((-2)/(-264)). What is the highest common divisor of 18 and h?
9
Let h(p) = -10*p + p**3 + 2 - 9*p**2 + 2*p**2 - 2*p**2. Let v be h(10). Let z be 71 + ((-3)/(-3) - v). What is the highest common factor of z and 14?
14
Suppose -5*c + 2*b = -7293 + 2253, 0 = -3*c + 2*b + 3020. What is the highest common factor of c and 10?
10
Let k = 127 + -103. Suppose -43*d + 41*d + k = 0. What is the greatest common factor of d and 36?
12
Let s(y) = -y**2 - 4*y + 5. Let m be s(-5). Suppose -2*l + 8 = m, u + 3*l + 14 = -0*l. Let p = u - -43. Calculate the greatest common divisor of p and 51.
17
Suppose 62 = 3*j - 10. Let q(z) = -z**3 - 41*z**2 - z + 19. Let y be q(-41). Calculate the highest common factor of y and j.
12
Suppose -306 = -0*z + z - 4*m, 3*z = -2*m - 932. Let l = 653 + z. Suppose 105 + l = 4*p. Calculate the greatest common factor of p and 14.
14
Suppose -w + 170 = 16*w. Let a(d) = -d. Let c(m) = 12*m - 9. Let u(v) = 3*a(v) + c(v). Let q be u(w). Calculate the highest common factor of q and 27.
27
Suppose 0 = -13*y + 5008 + 1648. Calculate the greatest common divisor of 64 and y.
64
Let c(r) = 10*r**2 + 6*r - 12. Let s be c(-10). Suppose -192 = -10*v + s. Calculate the greatest common factor of 28 and v.
28
Let l be 2 + -3 + (0 - -17). Let d = -181 - -293. Calculate the greatest common divisor of l and d.
16
Suppose 0 = 19*c - 26*c + 497. Calculate the greatest common divisor of c and 497.
71
Let y(i) be the first derivative of 4*i**3/3 + 6*i**2 + 16*i - 5. Let b be y(-8). Calculate the greatest common divisor of b and 16.
16
Suppose -3*s + 70 = g - 8, 170 = 2*g - s. What is the highest common factor of 144 and g?
12
Suppose -4*d - 72 = 5*r, -r + 34 - 7 = -d. Let h = d - -27. What is the highest common divisor of h and 36?
4
Let l = 1289 - 477. Calculate the highest common factor of l and 28.
28
Let l(h) = -28*h + 3. Let f be l(-5). Suppose 5*w = 4*r + 93 - 8, -r + 60 = 5*w. Calculate the greatest common divisor of w and f.
13
Suppose 0 = 3*f + 9, 4*d + f = 3*d + 1. Suppose -2*j + d*v = -10, 20 = 6*j - 2*j + 3*v. Let z be 1 + 41 + 3 + 0. What is the greatest common divisor of z and j?
5
Suppose 157*q - 168*q = -770. What is the highest common factor of 105 and q?
35
Suppose 5*n - 15 + 45 = 0. Let h(p) = p + 4. Let t be h(n). Let z be (-8 + t)/(1/(-5)). What is the greatest common divisor of 125 and z?
25
Suppose 19*l - 1780 = 18*l + 4*p, 2*l + p - 3587 = 0. Calculate the highest common factor of l and 14.
14
Let k = 347 - 203. What is the greatest common divisor of 9 and k?
9
Let g(i) = i**2 + 3*i - 3. Let s be g(-6). Let n be (6/(-5))/(24/(-2100)). Calculate the highest common factor of n and s.
15
Let u be (-4 + 16)/(-4) + 7. Suppose 6*r - u*r - 288 = 0. What is the highest common divisor of r and 16?
16
Suppose -3*o - 62 + 227 = 0. Let z = -41 + o. What is the greatest common divisor of 56 and z?
14
Let d(w) = w**3 + 30*w**2 + 18*w - 313. Let z be d(-29). What is the greatest common divisor of 96 and z?
6
Suppose -b = 4*b - 160. Suppose -4*t + 4*d + 68 = 0, -2*t + 3*d = -13 - 22. What is the highest common divisor of b and t?
16
Let x = 17 - 12. Suppose x*l = -3*o + 7*o - 26, 0 = -o - l + 2. Let p be 18*(2 - o/6). Calculate the highest common divisor of p and 48.
24
Let t = 1 - 5. Let a = -10 - t. Let h(r) = -r**3 - 4*r**2 + 7*r - 4. Let v be h(a). What is the greatest common factor of 130 and v?
26
Let o = 136 + -116. Calculate the greatest common divisor of o and 80.
20
Let c(g) = 5*g + 36. Let x be c(-14). Let v = x - -50. Calculate the highest common divisor of 2 and v.
2
Let z be 127 - ((-3 - -3) + -4 + 1). Calculate the highest common factor of z and 10.
10
Let r = 3788 + -2686. Calculate the highest common divisor of r and 116.
58
Suppose 5*c + 11 - 121 = 0. Calculate the highest common divisor of c and 187.
11
Suppose 319 = 27*k - 1085. What is the highest common factor of k and 2132?
52
Suppose -5*k - 10 = 0, -3*n + k + 3*k = -200. Suppose -3*l - 3*u - 4 = -5*l, 0 = -5*l - 2*u + 48. Calculate the greatest common divisor of l and n.
8
Let p be 3 - 3 - (-2)/2. Let b be p/(-3) - 172/(-3). Let t be (-208)/(-13) + 5 + -2. What is the highest common divisor of b and t?
19
Suppose -84 = -17*z + 35. Suppose -6 = -4*l + 10. Suppose -4*v + h = -227, 5*h = -5*v + l*h + 277. What is the highest common factor of v and z?
7
Let w = -53 + 329. Calculate the highest common factor of 4 and w.
4
Let q(b) = -3*b - 20. Let n be q(-7). Suppose -r + l = 2*l - 14, 0 = -r + 2*l - n. What is the greatest common divisor of 72 and r?
9
Let f = 8 - 4. Suppose -5*l + b + 112 = -2*l, 0 = 4*l + f*b - 128. Calculate the highest common divisor of 18 and l.
18
Let n(o) = o - 8. Let c be n(1). Let k(p) = -p**2 - 8*p + 5. Let t be k(c). What is the greatest common divisor of t and 24?
12
Suppose y = -4*u + 68, 0*u + 68 = 5*u - 3*y. Suppose 4 = -s + u. What is the highest common divisor of 16 and s?
4
Let h = -14 + 16. Let j = h + 10. Calculate the greatest common factor of 12 and j.
12
Suppose -7*j - v = -5*j - 26, 2*v + 68 = 4*j. What is the highest common factor of j and 1095?
15
Suppose -4*g = 2*p - 704, 0*g = -2*p - 2*g + 694. Let z be p/5 + 24/(-60). What is the highest common factor of 17 and z?
17
Suppose 2*l + 2*l - 2*p = 16, 5*l = p + 23. Suppose -m = -l*m + 252. What is the greatest common divisor of m and 9?
9
Suppose 2*t + 0*t - 28 = 0. Suppose -2*g - 7*g = -5*g. Let r(n) = -3*n + 35. Let f be r(g). What is the highest common factor of f and t?
7
Let t = -215 + 62. Let f = t - -315. Suppose f = 5*u + 37. What is the greatest common divisor of u and 225?
25
Let k = -61 - -101. Calculate the highest common factor of k and 128.
8
Suppose 0 = x + 5 + 10. Let o = x + 38. Suppose 0 = -v + 93 - o. Calculate the highest common factor of v and 10.
10
Let y = 754 - 176. What is the greatest common divisor of 34 and y?
34
Let n = -19 + 61. Suppose -3*z = 2*z. Suppose 5*m - 94 + 24 = z. Calculate the highest common divisor of n and m.
14
Let z(h) = -h**2 + 11*h - 4. Let p be z(3). Let s be p/(-15) - 463/(-3). Let l = s + -99. What is the greatest common divisor of l and 6?
6
Let h(p) = 6*p**3 + 3*p**2 - 3*p + 3. Let b be h(2). What is the highest common divisor of b and 76?
19
Let f = -53 - -65. Calculate the highest common divisor of 3 and f.
3
Suppose -u + 120 = 3*u. Suppose 19*d - 1125 = 4*d. What is the greatest common divisor of d and u?
15
Suppose 420 = -33*d + 43*d. What is the greatest common factor of 1407 and d?
21
Suppose 4*s + 2*q - 6 = 0, 5*q + 7 = -0*s + s. Suppose 71 = 5*v - 4*p, -4*v - s*p + 40 = -p. What is the greatest common factor of 22 and v?
11
Let h(b) = b + 3. Let m be h(-8). Let t(j) = -j**2 - 5*j + 1. Let c be t(m). Let v = 38 + c. What is the greatest common divisor of 13 and v?
13
Suppose 4*k - 55 = 5. Let v = -646 - -811. What is the greatest common factor of v and k?
15
Suppose 2 = 3*h - h. Suppose -12*b + 11 = -13. Calculate the highest common divisor of b and h.
1
Suppose 0 = 3*s - 2*h + 6*h - 34, 2*s - 5*h = -8. What is the highest common factor of s and 726?
6
Let r = 23 + -15. Let m(s) = -s**3 + 10*s**2 - 9. Let i be m(9). Calculate the highest common divisor of i and r.
8
Suppose 0 = -2*d - 3*d + 260. Let f = -144 + d. Let z be f/(-4) - (-3 - -1). Calculate the greatest common divisor of 100 and z.
25
Let n = -114 + 127. What is the highest common divisor of n and 65?
13
Let f = 8 + -8. Suppose f = -2*i - i + 30. What is the greatest common divisor of i and 30?
10
Suppose -r = -4*r + 333. Let p be -2 - ((5 - r) + 5). Suppose -5*c - h - h = -320, -5*h = 25. What is the greatest common factor of c and p?
33
Let s be (132/(-45))/22 - (-1082)/15. Calculate the highest common divisor of 96 and s.
24
Suppose 0*g - 2*g = -5*r + 38, 3*g + 15 = -3*r. Let d(f) = 3*f + 12. Let u be d(g). Let s be (48/u)/(4/(-140)). What is the greatest common divisor of 28 and s?
28
Let j(h) = -3*h - 88. Let k be j(-27). Let r(o) = 4*o**2 + 6*o - 5.